{"id":65,"date":"2023-11-12T10:45:53","date_gmt":"2023-11-12T10:45:53","guid":{"rendered":"https:\/\/custosvituli.dk\/?page_id=65"},"modified":"2023-11-12T10:53:20","modified_gmt":"2023-11-12T10:53:20","slug":"custos-vituli","status":"publish","type":"page","link":"https:\/\/custosvituli.dk\/?page_id=65","title":{"rendered":"Custos Vituli"},"content":{"rendered":"\n<p>Her er lidt om vores regler og mulighed for at tilmelde dig\/jer til vores gruppe hvis i \u00f8nsker at v\u00e6re en del af vores f\u00e6llesskab og interesse i middelalderen..<\/p>\n\n\n\n<p>Vi har nogle regler som der kan l\u00e6ses her og disse er aftalt af alle i gruppen.<\/p>\n\n\n\n<figure class=\"wp-block-image size-large\"><img loading=\"lazy\" decoding=\"async\" width=\"1024\" height=\"447\" src=\"https:\/\/custosvituli.dk\/wp-content\/uploads\/2023\/11\/Vitskoel-1024x447.jpg\" alt=\"\" class=\"wp-image-66\" srcset=\"https:\/\/custosvituli.dk\/wp-content\/uploads\/2023\/11\/Vitskoel-1024x447.jpg 1024w, https:\/\/custosvituli.dk\/wp-content\/uploads\/2023\/11\/Vitskoel-300x131.jpg 300w, https:\/\/custosvituli.dk\/wp-content\/uploads\/2023\/11\/Vitskoel-768x335.jpg 768w, https:\/\/custosvituli.dk\/wp-content\/uploads\/2023\/11\/Vitskoel.jpg 1463w\" sizes=\"auto, (max-width: 1024px) 100vw, 1024px\" \/><\/figure>\n","protected":false},"excerpt":{"rendered":"<p>Her er lidt om vores regler og mulighed for at tilmelde dig\/jer til vores gruppe hvis i \u00f8nsker at v\u00e6re en del af vores f\u00e6llesskab og interesse i middelalderen.. Vi har nogle regler som der kan l\u00e6ses her og disse er aftalt af alle i gruppen.<\/p>\n","protected":false},"author":1,"featured_media":0,"parent":0,"menu_order":0,"comment_status":"closed","ping_status":"closed","template":"","meta":{"ngg_post_thumbnail":0,"footnotes":""},"class_list":["post-65","page","type-page","status-publish","hentry"],"_links":{"self":[{"href":"https:\/\/custosvituli.dk\/index.php?rest_route=\/wp\/v2\/pages\/65","targetHints":{"allow":["GET"]}}],"collection":[{"href":"https:\/\/custosvituli.dk\/index.php?rest_route=\/wp\/v2\/pages"}],"about":[{"href":"https:\/\/custosvituli.dk\/index.php?rest_route=\/wp\/v2\/types\/page"}],"author":[{"embeddable":true,"href":"https:\/\/custosvituli.dk\/index.php?rest_route=\/wp\/v2\/users\/1"}],"replies":[{"embeddable":true,"href":"https:\/\/custosvituli.dk\/index.php?rest_route=%2Fwp%2Fv2%2Fcomments&post=65"}],"version-history":[{"count":2,"href":"https:\/\/custosvituli.dk\/index.php?rest_route=\/wp\/v2\/pages\/65\/revisions"}],"predecessor-version":[{"id":70,"href":"https:\/\/custosvituli.dk\/index.php?rest_route=\/wp\/v2\/pages\/65\/revisions\/70"}],"wp:attachment":[{"href":"https:\/\/custosvituli.dk\/index.php?rest_route=%2Fwp%2Fv2%2Fmedia&parent=65"}],"curies":[{"name":"wp","href":"https:\/\/api.w.org\/{rel}","templated":true}]}}